{"id":500,"date":"2024-08-08T17:54:11","date_gmt":"2024-08-08T15:54:11","guid":{"rendered":"https:\/\/sigma3architecte.fr\/?page_id=500"},"modified":"2024-08-30T13:05:01","modified_gmt":"2024-08-30T11:05:01","slug":"mentions-legales","status":"publish","type":"page","link":"https:\/\/sigma3architecte.fr\/?page_id=500","title":{"rendered":"Mentions l\u00e9gales"},"content":{"rendered":"\n<p>Conform\u00e9ment aux dispositions des articles 6-III et 19 de la Loi n\u00b0 2004-575 du 21 juin 2004 pour la Confiance dans l\u2019\u00e9conomie num\u00e9rique, dite L.C.E.N., nous portons \u00e0 la connaissance des utilisateurs et visiteurs du site <a href=\"https:\/\/sigma3architecte.fr\">https:\/\/sigma3architecte.fr<\/a> les informations suivantes :<\/p>\n\n\n\n<h2 class=\"wp-block-heading\">Editeur<\/h2>\n\n\n\n<p>Le site farofaro.com est la propri\u00e9t\u00e9 exclusive de EURL Sigma3 Architecte, qui l\u2019\u00e9dite.<\/p>\n\n\n\n<p>Ce site a \u00e9t\u00e9 con\u00e7u par le <strong><a href=\"https:\/\/farofaro.com\">studio Faro<\/a><\/strong>.<\/p>\n\n\n\n<h2 class=\"wp-block-heading\">Sigma3 Architecte<\/h2>\n\n\n\n<p>Sigma3 Architecte<br>EURL au capital de 1 000 \u20ac<\/p>\n\n\n\n<p>Date de cr\u00e9ation : 28\/05\/24<br>Soci\u00e9t\u00e9 inscrite \u00e0 l&rsquo;Ordre des Architectes de la r\u00e9gion Centre Val de Loire sous le num\u00e9ro S25013<\/p>\n\n\n\n<p>Si\u00e8ge social : 1 ROUTE DE LA VALLEE DU LYS, 37190 AZAY-LE-RIDEAU<br>Immatricul\u00e9e au Registre du Commerce et des Soci\u00e9t\u00e9s de Tours sous le num\u00e9ro 929 293 165<\/p>\n\n\n\n<p>Num\u00e9ro TVA intracommunautaire : FR82929293165<br>Adresse de courrier \u00e9lectronique : sigma3architecte@gmail.com<\/p>\n\n\n\n<p>Directeur de la publication : St\u00e9phanie Seilly<br>Contactez le responsable de la publication : sigma3architecte@gmail.com<\/p>\n\n\n\n<h2 class=\"wp-block-heading\">H\u00e9bergement<\/h2>\n\n\n\n<p>Le site est h\u00e9berg\u00e9 par la soci\u00e9t\u00e9 Faro, 75 rue du P\u00e8re Corentin 75014 Paris.<\/p>\n\n\n\n<div style=\"height:100px\" aria-hidden=\"true\" class=\"wp-block-spacer\"><\/div>\n","protected":false},"excerpt":{"rendered":"<p>Conform\u00e9ment aux dispositions des articles 6-III et 19 de la Loi n\u00b0 2004-575 du 21 juin 2004 pour la Confiance dans l\u2019\u00e9conomie num\u00e9rique, dite L.C.E.N., nous portons \u00e0 la connaissance des utilisateurs et visiteurs du site https:\/\/sigma3architecte.fr les informations suivantes : Editeur Le site farofaro.com est la propri\u00e9t\u00e9 exclusive de EURL Sigma3 Architecte, qui l\u2019\u00e9dite. [&hellip;]<\/p>\n","protected":false},"author":1,"featured_media":0,"parent":0,"menu_order":0,"comment_status":"closed","ping_status":"closed","template":"","meta":{"_acf_changed":false,"footnotes":""},"class_list":["post-500","page","type-page","status-publish","hentry"],"acf":[],"yoast_head":"<!-- This site is optimized with the Yoast SEO plugin v27.4 - https:\/\/yoast.com\/product\/yoast-seo-wordpress\/ -->\n<title>Mentions l\u00e9gales - Sigma 3 - Architecte<\/title>\n<meta name=\"robots\" content=\"index, follow, max-snippet:-1, max-image-preview:large, max-video-preview:-1\" \/>\n<link rel=\"canonical\" href=\"https:\/\/sigma3architecte.fr\/?page_id=500\" \/>\n<meta property=\"og:locale\" content=\"fr_FR\" \/>\n<meta property=\"og:type\" content=\"article\" \/>\n<meta property=\"og:title\" content=\"Mentions l\u00e9gales - Sigma 3 - Architecte\" \/>\n<meta property=\"og:description\" content=\"Conform\u00e9ment aux dispositions des articles 6-III et 19 de la Loi n\u00b0 2004-575 du 21 juin 2004 pour la Confiance dans l\u2019\u00e9conomie num\u00e9rique, dite L.C.E.N., nous portons \u00e0 la connaissance des utilisateurs et visiteurs du site https:\/\/sigma3architecte.fr les informations suivantes : Editeur Le site farofaro.com est la propri\u00e9t\u00e9 exclusive de EURL Sigma3 Architecte, qui l\u2019\u00e9dite. [&hellip;]\" \/>\n<meta property=\"og:url\" content=\"https:\/\/sigma3architecte.fr\/?page_id=500\" \/>\n<meta property=\"og:site_name\" content=\"Sigma 3 - Architecte\" \/>\n<meta property=\"article:publisher\" content=\"https:\/\/www.facebook.com\/profile.php?id=61557679922633&amp;locale=fr_FR\" \/>\n<meta property=\"article:modified_time\" content=\"2024-08-30T11:05:01+00:00\" \/>\n<meta name=\"twitter:card\" content=\"summary_large_image\" \/>\n<meta name=\"twitter:label1\" content=\"Dur\u00e9e de lecture estim\u00e9e\" \/>\n\t<meta name=\"twitter:data1\" content=\"1 minute\" \/>\n<script type=\"application\/ld+json\" class=\"yoast-schema-graph\">{\"@context\":\"https:\\\/\\\/schema.org\",\"@graph\":[{\"@type\":\"WebPage\",\"@id\":\"https:\\\/\\\/sigma3architecte.fr\\\/?page_id=500\",\"url\":\"https:\\\/\\\/sigma3architecte.fr\\\/?page_id=500\",\"name\":\"Mentions l\u00e9gales - Sigma 3 - Architecte\",\"isPartOf\":{\"@id\":\"https:\\\/\\\/sigma3architecte.fr\\\/#website\"},\"datePublished\":\"2024-08-08T15:54:11+00:00\",\"dateModified\":\"2024-08-30T11:05:01+00:00\",\"breadcrumb\":{\"@id\":\"https:\\\/\\\/sigma3architecte.fr\\\/?page_id=500#breadcrumb\"},\"inLanguage\":\"fr-FR\",\"potentialAction\":[{\"@type\":\"ReadAction\",\"target\":[\"https:\\\/\\\/sigma3architecte.fr\\\/?page_id=500\"]}]},{\"@type\":\"BreadcrumbList\",\"@id\":\"https:\\\/\\\/sigma3architecte.fr\\\/?page_id=500#breadcrumb\",\"itemListElement\":[{\"@type\":\"ListItem\",\"position\":1,\"name\":\"Accueil\",\"item\":\"https:\\\/\\\/sigma3architecte.fr\\\/\"},{\"@type\":\"ListItem\",\"position\":2,\"name\":\"Mentions l\u00e9gales\"}]},{\"@type\":\"WebSite\",\"@id\":\"https:\\\/\\\/sigma3architecte.fr\\\/#website\",\"url\":\"https:\\\/\\\/sigma3architecte.fr\\\/\",\"name\":\"Sigma3 Architecte\",\"description\":\"\",\"publisher\":{\"@id\":\"https:\\\/\\\/sigma3architecte.fr\\\/#organization\"},\"potentialAction\":[{\"@type\":\"SearchAction\",\"target\":{\"@type\":\"EntryPoint\",\"urlTemplate\":\"https:\\\/\\\/sigma3architecte.fr\\\/?s={search_term_string}\"},\"query-input\":{\"@type\":\"PropertyValueSpecification\",\"valueRequired\":true,\"valueName\":\"search_term_string\"}}],\"inLanguage\":\"fr-FR\"},{\"@type\":\"Organization\",\"@id\":\"https:\\\/\\\/sigma3architecte.fr\\\/#organization\",\"name\":\"Sigma3 Architecte\",\"url\":\"https:\\\/\\\/sigma3architecte.fr\\\/\",\"logo\":{\"@type\":\"ImageObject\",\"inLanguage\":\"fr-FR\",\"@id\":\"https:\\\/\\\/sigma3architecte.fr\\\/#\\\/schema\\\/logo\\\/image\\\/\",\"url\":\"https:\\\/\\\/sigma3architecte.fr\\\/wp-content\\\/uploads\\\/2024\\\/08\\\/logo-sigma3-01.svg\",\"contentUrl\":\"https:\\\/\\\/sigma3architecte.fr\\\/wp-content\\\/uploads\\\/2024\\\/08\\\/logo-sigma3-01.svg\",\"caption\":\"Sigma3 Architecte\"},\"image\":{\"@id\":\"https:\\\/\\\/sigma3architecte.fr\\\/#\\\/schema\\\/logo\\\/image\\\/\"},\"sameAs\":[\"https:\\\/\\\/www.facebook.com\\\/profile.php?id=61557679922633&locale=fr_FR\",\"https:\\\/\\\/www.instagram.com\\\/sigma3archi\\\/\",\"https:\\\/\\\/www.linkedin.com\\\/in\\\/stphanie-seilly\\\/\"]}]}<\/script>\n<!-- \/ Yoast SEO plugin. -->","yoast_head_json":{"title":"Mentions l\u00e9gales - Sigma 3 - Architecte","robots":{"index":"index","follow":"follow","max-snippet":"max-snippet:-1","max-image-preview":"max-image-preview:large","max-video-preview":"max-video-preview:-1"},"canonical":"https:\/\/sigma3architecte.fr\/?page_id=500","og_locale":"fr_FR","og_type":"article","og_title":"Mentions l\u00e9gales - Sigma 3 - Architecte","og_description":"Conform\u00e9ment aux dispositions des articles 6-III et 19 de la Loi n\u00b0 2004-575 du 21 juin 2004 pour la Confiance dans l\u2019\u00e9conomie num\u00e9rique, dite L.C.E.N., nous portons \u00e0 la connaissance des utilisateurs et visiteurs du site https:\/\/sigma3architecte.fr les informations suivantes : Editeur Le site farofaro.com est la propri\u00e9t\u00e9 exclusive de EURL Sigma3 Architecte, qui l\u2019\u00e9dite. [&hellip;]","og_url":"https:\/\/sigma3architecte.fr\/?page_id=500","og_site_name":"Sigma 3 - Architecte","article_publisher":"https:\/\/www.facebook.com\/profile.php?id=61557679922633&locale=fr_FR","article_modified_time":"2024-08-30T11:05:01+00:00","twitter_card":"summary_large_image","twitter_misc":{"Dur\u00e9e de lecture estim\u00e9e":"1 minute"},"schema":{"@context":"https:\/\/schema.org","@graph":[{"@type":"WebPage","@id":"https:\/\/sigma3architecte.fr\/?page_id=500","url":"https:\/\/sigma3architecte.fr\/?page_id=500","name":"Mentions l\u00e9gales - Sigma 3 - Architecte","isPartOf":{"@id":"https:\/\/sigma3architecte.fr\/#website"},"datePublished":"2024-08-08T15:54:11+00:00","dateModified":"2024-08-30T11:05:01+00:00","breadcrumb":{"@id":"https:\/\/sigma3architecte.fr\/?page_id=500#breadcrumb"},"inLanguage":"fr-FR","potentialAction":[{"@type":"ReadAction","target":["https:\/\/sigma3architecte.fr\/?page_id=500"]}]},{"@type":"BreadcrumbList","@id":"https:\/\/sigma3architecte.fr\/?page_id=500#breadcrumb","itemListElement":[{"@type":"ListItem","position":1,"name":"Accueil","item":"https:\/\/sigma3architecte.fr\/"},{"@type":"ListItem","position":2,"name":"Mentions l\u00e9gales"}]},{"@type":"WebSite","@id":"https:\/\/sigma3architecte.fr\/#website","url":"https:\/\/sigma3architecte.fr\/","name":"Sigma3 Architecte","description":"","publisher":{"@id":"https:\/\/sigma3architecte.fr\/#organization"},"potentialAction":[{"@type":"SearchAction","target":{"@type":"EntryPoint","urlTemplate":"https:\/\/sigma3architecte.fr\/?s={search_term_string}"},"query-input":{"@type":"PropertyValueSpecification","valueRequired":true,"valueName":"search_term_string"}}],"inLanguage":"fr-FR"},{"@type":"Organization","@id":"https:\/\/sigma3architecte.fr\/#organization","name":"Sigma3 Architecte","url":"https:\/\/sigma3architecte.fr\/","logo":{"@type":"ImageObject","inLanguage":"fr-FR","@id":"https:\/\/sigma3architecte.fr\/#\/schema\/logo\/image\/","url":"https:\/\/sigma3architecte.fr\/wp-content\/uploads\/2024\/08\/logo-sigma3-01.svg","contentUrl":"https:\/\/sigma3architecte.fr\/wp-content\/uploads\/2024\/08\/logo-sigma3-01.svg","caption":"Sigma3 Architecte"},"image":{"@id":"https:\/\/sigma3architecte.fr\/#\/schema\/logo\/image\/"},"sameAs":["https:\/\/www.facebook.com\/profile.php?id=61557679922633&locale=fr_FR","https:\/\/www.instagram.com\/sigma3archi\/","https:\/\/www.linkedin.com\/in\/stphanie-seilly\/"]}]}},"jetpack_sharing_enabled":true,"_links":{"self":[{"href":"https:\/\/sigma3architecte.fr\/index.php?rest_route=\/wp\/v2\/pages\/500","targetHints":{"allow":["GET"]}}],"collection":[{"href":"https:\/\/sigma3architecte.fr\/index.php?rest_route=\/wp\/v2\/pages"}],"about":[{"href":"https:\/\/sigma3architecte.fr\/index.php?rest_route=\/wp\/v2\/types\/page"}],"author":[{"embeddable":true,"href":"https:\/\/sigma3architecte.fr\/index.php?rest_route=\/wp\/v2\/users\/1"}],"replies":[{"embeddable":true,"href":"https:\/\/sigma3architecte.fr\/index.php?rest_route=%2Fwp%2Fv2%2Fcomments&post=500"}],"version-history":[{"count":6,"href":"https:\/\/sigma3architecte.fr\/index.php?rest_route=\/wp\/v2\/pages\/500\/revisions"}],"predecessor-version":[{"id":562,"href":"https:\/\/sigma3architecte.fr\/index.php?rest_route=\/wp\/v2\/pages\/500\/revisions\/562"}],"wp:attachment":[{"href":"https:\/\/sigma3architecte.fr\/index.php?rest_route=%2Fwp%2Fv2%2Fmedia&parent=500"}],"curies":[{"name":"wp","href":"https:\/\/api.w.org\/{rel}","templated":true}]}}

Mentions légales

<p>Conformément aux dispositions des articles 6-III et 19 de la Loi n° 2004-575 du 21 juin 2004 pour la Confiance dans l’économie numérique, dite L.C.E.N., nous portons à la connaissance des utilisateurs et visiteurs du site <a href="https://sigma3architecte.fr">https://sigma3architecte.fr</a> les informations suivantes :</p>



<h2 class="wp-block-heading">Editeur</h2>



<p>Le site farofaro.com est la propriété exclusive de EURL Sigma3 Architecte, qui l’édite.</p>



<p>Ce site a été conçu par le <strong><a href="https://farofaro.com">studio Faro</a></strong>.</p>



<h2 class="wp-block-heading">Sigma3 Architecte</h2>



<p>Sigma3 Architecte<br>EURL au capital de 1 000 €</p>



<p>Date de création : 28/05/24<br>Société inscrite à l&rsquo;Ordre des Architectes de la région Centre Val de Loire sous le numéro S25013</p>



<p>Siège social : 1 ROUTE DE LA VALLEE DU LYS, 37190 AZAY-LE-RIDEAU<br>Immatriculée au Registre du Commerce et des Sociétés de Tours sous le numéro 929 293 165</p>



<p>Numéro TVA intracommunautaire : FR82929293165<br>Adresse de courrier électronique : sigma3architecte@gmail.com</p>



<p>Directeur de la publication : Stéphanie Seilly<br>Contactez le responsable de la publication : sigma3architecte@gmail.com</p>



<h2 class="wp-block-heading">Hébergement</h2>



<p>Le site est hébergé par la société Faro, 75 rue du Père Corentin 75014 Paris.</p>



<div style="height:100px" aria-hidden="true" class="wp-block-spacer"></div>

<p>Conformément aux dispositions des articles 6-III et 19 de la Loi n° 2004-575 du 21 juin 2004 pour la Confiance dans l’économie numérique, dite L.C.E.N., nous portons à la connaissance des utilisateurs et visiteurs du site https://sigma3architecte.fr les informations suivantes : Editeur Le site farofaro.com est la propriété exclusive de EURL Sigma3 Architecte, qui l’édite. [&hellip;]</p>

<!-- This site is optimized with the Yoast SEO plugin v27.4 - https://yoast.com/product/yoast-seo-wordpress/ -->
<title>Mentions légales - Sigma 3 - Architecte</title>
<meta name="robots" content="index, follow, max-snippet:-1, max-image-preview:large, max-video-preview:-1" />
<link rel="canonical" href="https://sigma3architecte.fr/?page_id=500" />
<meta property="og:locale" content="fr_FR" />
<meta property="og:type" content="article" />
<meta property="og:title" content="Mentions légales - Sigma 3 - Architecte" />
<meta property="og:description" content="Conformément aux dispositions des articles 6-III et 19 de la Loi n° 2004-575 du 21 juin 2004 pour la Confiance dans l’économie numérique, dite L.C.E.N., nous portons à la connaissance des utilisateurs et visiteurs du site https://sigma3architecte.fr les informations suivantes : Editeur Le site farofaro.com est la propriété exclusive de EURL Sigma3 Architecte, qui l’édite. [&hellip;]" />
<meta property="og:url" content="https://sigma3architecte.fr/?page_id=500" />
<meta property="og:site_name" content="Sigma 3 - Architecte" />
<meta property="article:publisher" content="https://www.facebook.com/profile.php?id=61557679922633&amp;locale=fr_FR" />
<meta property="article:modified_time" content="2024-08-30T11:05:01+00:00" />
<meta name="twitter:card" content="summary_large_image" />
<meta name="twitter:label1" content="Durée de lecture estimée" />
	<meta name="twitter:data1" content="1 minute" />
<script type="application/ld+json" class="yoast-schema-graph">{"@context":"https:\/\/schema.org","@graph":[{"@type":"WebPage","@id":"https:\/\/sigma3architecte.fr\/?page_id=500","url":"https:\/\/sigma3architecte.fr\/?page_id=500","name":"Mentions légales - Sigma 3 - Architecte","isPartOf":{"@id":"https:\/\/sigma3architecte.fr\/#website"},"datePublished":"2024-08-08T15:54:11+00:00","dateModified":"2024-08-30T11:05:01+00:00","breadcrumb":{"@id":"https:\/\/sigma3architecte.fr\/?page_id=500#breadcrumb"},"inLanguage":"fr-FR","potentialAction":[{"@type":"ReadAction","target":["https:\/\/sigma3architecte.fr\/?page_id=500"]}]},{"@type":"BreadcrumbList","@id":"https:\/\/sigma3architecte.fr\/?page_id=500#breadcrumb","itemListElement":[{"@type":"ListItem","position":1,"name":"Accueil","item":"https:\/\/sigma3architecte.fr\/"},{"@type":"ListItem","position":2,"name":"Mentions légales"}]},{"@type":"WebSite","@id":"https:\/\/sigma3architecte.fr\/#website","url":"https:\/\/sigma3architecte.fr\/","name":"Sigma3 Architecte","description":"","publisher":{"@id":"https:\/\/sigma3architecte.fr\/#organization"},"potentialAction":[{"@type":"SearchAction","target":{"@type":"EntryPoint","urlTemplate":"https:\/\/sigma3architecte.fr\/?s={search_term_string}"},"query-input":{"@type":"PropertyValueSpecification","valueRequired":true,"valueName":"search_term_string"}}],"inLanguage":"fr-FR"},{"@type":"Organization","@id":"https:\/\/sigma3architecte.fr\/#organization","name":"Sigma3 Architecte","url":"https:\/\/sigma3architecte.fr\/","logo":{"@type":"ImageObject","inLanguage":"fr-FR","@id":"https:\/\/sigma3architecte.fr\/#\/schema\/logo\/image\/","url":"https:\/\/sigma3architecte.fr\/wp-content\/uploads\/2024\/08\/logo-sigma3-01.svg","contentUrl":"https:\/\/sigma3architecte.fr\/wp-content\/uploads\/2024\/08\/logo-sigma3-01.svg","caption":"Sigma3 Architecte"},"image":{"@id":"https:\/\/sigma3architecte.fr\/#\/schema\/logo\/image\/"},"sameAs":["https:\/\/www.facebook.com\/profile.php?id=61557679922633&locale=fr_FR","https:\/\/www.instagram.com\/sigma3archi\/","https:\/\/www.linkedin.com\/in\/stphanie-seilly\/"]}]}</script>
<!-- / Yoast SEO plugin. -->

Mentions légales - Sigma 3 - Architecte

Conformément aux dispositions des articles 6-III et 19 de la Loi n° 2004-575 du 21 juin 2004 pour la Confiance dans l’économie numérique, dite L.C.E.N., nous portons à la connaissance des utilisateurs et visiteurs du site https://sigma3architecte.fr les informations suivantes : Editeur Le site farofaro.com est la propriété exclusive de EURL Sigma3 Architecte, qui l’édite. [&hellip;]
